o base 2
100010100010011110
Convert 110010101111001111111 (base 2) to base 14.
313c87
-10000111010100101100 (base 2) to base 16
-8752c
What is 11823234 (base 9) in base 5?
2441133204
What is 13e1b (base 16) in base 6?
1425003
What is 403020442 (base 6) in base 3?
110220120210022
-1126ca (base 13) to base 7
-3306002
-417661 (base 8) to base 6
-2552213
Convert 2669680 (base 10) to base 5.
1140412210
7a4b2 (base 12) to base 14
43650
Convert -1003222013102 (base 4) to base 8.
-103520722
-14243455 (base 6) to base 2
-1110111001010111011
Convert 334410 (base 9) to base 4.
300312033
Convert -2542745 (base 8) to base 10.
-706021
Convert 333421442 (base 5) to base 3.
2202112111212
885348 (base 11) to base 3
2122202201202
-94ff7 (base 16) to base 15
-c0c65
What is 2e206 (base 16) in base 4?
232020012
1512579 (base 11) to base 6
131341002
Convert -17857777 (base 9) to base 6.
-521111241
12011221200221 (base 3) to base 16
2a0871
-4024556 (base 7) to base 15
-9653b
Convert -84292 (base 14) to base 4.
-1031311220
-728e8 (base 15) to base 9
-613122
-177073 (base 10) to base 14
-48761
-1111110101100110011 (base 2) to base 14
-d71ab
What is -10102220301 (base 4) in base 7?
-12363426
-771b5 (base 12) to base 7
-1224161
What is 249271 (base 11) in base 3?
201222001021
Convert -f72b6 (base 16) to base 9.
-1812675
What is -79b66 (base 15) in base 16?
-5e8f9
21201311 (base 4) to base 7
221534
What is -44861e (base 15) in base 13?
-8a586a
-110111110110001000101 (base 2) to base 4
-12332301011
What is -160036 (base 11) in base 14?
-66a12
Convert -38029e (base 15) to base 10.
-2683724
Convert 1000111110011100010 (base 2) to base 4.
1013303202
-934a (base 13) to base 12
-b932
Convert -491715 (base 11) to base 4.
-2331332313
196409 (base 11) to base 14
7bb35
Convert -20051053 (base 7) to base 15.
-22ba67
-122743 (base 11) to base 10
-193889
-344583 (base 10) to base 6
-11215143
Convert 2d5eb (base 15) to base 6.
3050035
What is -1693a0b (base 15) in base 9?
-33787882
Convert -22202112101 (base 3) to base 15.
-36157
What is -101001102000102 (base 3) in base 8?
-24301653
What is 687ba6 (base 13) in base 14?
485672
-111002 (base 8) to base 6
-445014
4002261 (base 9) to base 11
1223416
Convert 10100100100110011011 (base 2) to base 5.
133033303
What is -141303120 (base 6) in base 15?
-3ba5b0
What is 176e50 (base 16) in base 10?
1535568
Convert -10444130011 (base 5) to base 9.
-24024474
Convert -11110111101010101000 (base 2) to base 10.
-1014440
What is -1395080 (base 11) in base 6?
-123143430
What is 102100101000002 (base 3) in base 5?
3020432130
380164 (base 9) to base 7
1644616
What is -220121001101010 (base 3) in base 6?
-1144051350
Convert b19ac3 (base 15) to base 13.
1995060
What is -1101100100111110001 (base 2) in base 6?
-13311441
Convert -43222704 (base 8) to base 4.
-203102113010
Convert 18744218 (base 9) to base 16.
909c3b
-22220a3 (base 11) to base 7
-45061223
Convert -10213022200 (base 4) to base 9.
-2242374
Convert 230112112 (base 4) to base 3.
100020011221
-3312322311 (base 4) to base 7
-11411430
244124535 (base 6) to base 15
625bc5
-3ac04 (base 13) to base 8
-326165
-14224004 (base 5) to base 4
-210102111
What is -85537 (base 12) in base 5?
-21102131
What is 10100101011101010000000 (base 2) in base 9?
11173146
10200111002 (base 3) to base 5
4310044
-290b5a8 (base 13) to base 14
-1a2d08d
166054 (base 9) to base 2
11001000110110110
81522 (base 15) to base 10
409532
Convert 101100132 (base 4) to base 7.
413040
10111101111001010100 (base 2) to base 3
1110111221212
206144 (base 8) to base 15
15558
-2245731 (base 8) to base 4
-2110233121
Convert -231433 (base 6) to base 11.
-1398a
What is 4665722 (base 11) in base 10?
8147922
220202331 (base 4) to base 12
80139
-82508 (base 10) to base 5
-10120013
8456 (base 9) to base 4
1200333
Convert 110011010011100111111 (base 2) to base 16.
19a73f
What is -c0421 (base 15) in base 16?
-948af
What is 27642123 (base 8) in base 16?
5f4453
Convert -3a286 (base 13) to base 11.
-74244
What is -4372496 (base 12) in base 2?
-110000111110101100110010
Convert -428636 (base 11) to base 3.
-1021210111122
-17a5023 (base 11) to base 13
-82b22b
1110000000000011010 (base 2) to base 11
293761
-40554350 (base 6) to base 9
-2166533
What is -13212304 (base 5) in base 12?
-64610
Convert 43143 (base 11) to base 12.
30371
232202 (base 5) to base 11
6371
Convert -1a1905 (base 11) to base 16.
-4ba7e
-6474c8 (base 15) to base 4
-102033311213
-305030554 (base 6) to base 3
-100221001121221
-75041 (base 8) to base 7
-160103
-1b705c (base 13) to base 3
-1022121111000
What is -3081121 (base 10) in base 7?
-35121601
What is 1634067 (base 8) in base 10?
473143
Convert 232233222 (base 4) to base 11.
120940
69275 (base 10) to base 15
157d5
What is -111000000011100100 (base 2) in base 9?
-378855
-100a34 (base 14) to base 15
-a9e3a
Convert -103002313 (base 4) to base 3.
-10222000011
-492512 (base 15) to base 14
-671c49
85948a (base 16) to base 13
1a7688a
Convert 2656871 (base 9) to base 6.
51104231
Convert 753041 (base 9) to base 15.
8ccb7
What is 55cd1 (base 15) in base 14?
71648
What is -1333115 (base 7) in base 16?
-2b0eb
Convert -103200220 (base 4) to base 15.
-18a27
-2012344333 (base 5) to base 16
-3d76bd
-1614122 (base 8) to base 3
-212121211102
1417 (base 12) to base 14
bbd
Convert -5515015 (base 6) to base 14.
-720a7
What is 201637 (base 9) in base 8?
351063
2084384 (base 9) to base 12
45b411
What is -15125662 (base 8) in base 15?
-482b6b
dc900 (base 15) to base 11
439455
a15108 (base 12) to base 11
146a773
What is -12565103 (base 7) in base 11?
-7218a1
Convert 14433263 (base 8) to base 10.
3290803
What is 8c19a (base 13) in base 4?
332102230
Convert 56d692 (base 14) to base 11.
173a371
What is 530428 (base 10) in base 14?
db43a
Convert 2120211220100 (base 3) to base 7.
14454141
-12112201101 (base 3) to base 11
-75002
Convert 10010120120020 (base 3) to base 8.
6263316
-331261 (base 8) to base 14
-2c7a9
What is 464466 (base 7) in base 2?
10100010100110010
Convert 155602 (base 8) to base 14.
1669c
-10011110101110100101 (base 2) to base 10
-650149
Convert -346116 (base 7) to base 9.
-104220
What is -21144103 (base 5) in base 10?
-178028
Convert -429813 (base 10) to base 16.
-68ef5
What is 12278380 (base 9) in base 12?
20215b3
Convert -2140604 (base 8) to base 3.
-1002011010220
What is 15b065 (base 12) in base 2?
1011010101110001101
Convert 353013 (base 6) to base 13.
10b36
-23122001121 (base 4) to base 11
-1762616
-1424122224 (base 5) to base 11
-212423a
What is -2202121021 (base 3) in base 10?
-54385
Convert -20308853 (base 9) to base 11.
-555a035
-2087274 (base 10) to base 16
-1fd96a
Convert 34aa4 (base 14) to base 15.
28053
What is -8a2372 (base 12) in base 6?
-115110222
4555557 (base 9) to base 10
2457916
13746704 (base 8) to base 16
2fcdc4
Convert -11e8e (base 15) to base 5.
-3313114
What is -266022 (base 11) in base 7?
-3360352
Convert -15225 (base 10) to base 8.
-35571
-313a017 (base 11) to base 5
-2404023420
What is 4a8295 (base 16) in base 8?
22501225
Convert 1270625 (base 13) to base 16.
580c7f
Convert 5466a (base 16) to base 7.
2636614
What is -103005444 (base 6) in base 16?
-1bc8a4
Convert -120330231 (base 4) to base 15.
-20429
Convert 3c448d (base 14) to base 4.
13331113031
-10110010011101110101011 (base 2) to base 5
-2444113404
Convert 55120171 (base 8) to base 4.
231022001321
Convert -43567207 (base 8) to base 15.
-c506d5
What is -42511311 (base 7) in base 12?
-12649b0
Convert -226a68 (base 12) to base 9.
-1028768
-26d653 (base 16) to base 12
-a28b2b
-58d95 (base 15) to base 2
-1000101001000110110
Convert -444e9 (base 16) to base 8.
-1042351
Convert -28a93 (base 15) to base 5.
-13140023
What is 7895c (base 15) in base 7?
3155016
27a392 (base 15) to base 3
10120220212002
Convert 358 (base 13) to base 2.
1001000100
What is 4005231 (base 7) in base 6?
14043103
Convert -212574 (base 11) to base 12.
-14498b
-12549a (base 11) to base 8
-601715
Convert 1055163 (base 7) to base 12.
640b3
What is -1011010100011110111 (base 2) in base 15?
-74d90
Convert -545043 (base 7) to base 13.
-34554
383564 (base 9) to base 12
b2511
What is 153101 (base 10) in base 2?
100101011000001101
40c18 (base 13) to base 9
186464
Convert -268353 (base 10) to base 5.
-32041